 = -16. Suppose -2*x + n = 2*k, -3*k - 2*x + 498 = -5*x. What are the prime factors of k?
163
Let t be (0 - 4/(-8))*-1*-10. Suppose -b - 3*o + 2 = 0, t*b = -0*o - 3*o + 34. What are the prime factors of b?
2
Let j(b) = -b**2 + b - 2. Let f be j(3). What are the prime factors of f/28 - (-484)/28?
17
Let v = 215 + -30. Suppose 2*w - s = 74, -5*w + v = -0*w - 5*s. List the prime factors of w.
37
Let l = -1990 + 562. List the prime factors of (l/(-8))/(-7)*20/(-3).
2, 5, 17
Let b = 2371 - 235. What are the prime factors of b?
2, 3, 89
Let c(s) = 10*s + 1. Suppose 3*g + 7 + 4 = 2*l, -1 = g. Let r(i) = 9*i + 2. Let w(x) = l*c(x) - 3*r(x). What are the prime factors of w(1)?
11
Let w(h) = -h**3 + 10*h**2 - 18*h - 5. Let l(r) = 2*r + 10. Let q be l(-2). What are the prime factors of w(q)?
31
Let o = 92 + -17. Let f(v) = -3*v**3 - 6*v**2 + 9*v - 28. Let w be f(-11). List the prime factors of w/o + 2/15.
2, 3, 7
Let z = 6528 + -4549. What are the prime factors of z?
1979
Let u(l) = l**3 - 12*l**2 - 10*l - 2. Let z be (-2 - -3) + 1*12. What are the prime factors of u(z)?
37
Let z(t) = t**2 + 17*t + 154. List the prime factors of z(-19).
2, 3
Let g be -3 + 5 + (3 - 1). Suppose g = 2*b + 4*d, 4*b - 3 - 5 = -d. Suppose 3 = -b*p + 51. List the prime factors of p.
2, 3
Let l = -38 - -286. What are the prime factors of l?
2, 31
Suppose -7*r + 63 = -0. Let t(v) = 2*v**2 - 10*v - 11. What are the prime factors of t(r)?
61
Suppose -264 = 5*u + 3*u. Let h = 76 + u. List the prime factors of h.
43
Let m(o) = -43*o**3 - 4*o**2 + 9*o + 12. Let w be m(-4). What are the prime factors of w/15 + (54/(-15) - -4)?
2, 89
Suppose 3 = n - 2*n, 0 = 3*d - n - 2499. What are the prime factors of d?
2, 13
Let b = -145 + 237. What are the prime factors of b?
2, 23
Suppose -4*z + 8336 = 4*r, z - 1965 - 125 = 5*r. What are the prime factors of z?
3, 5, 139
Let f be ((-94)/4)/((-3)/18). Let a = -83 + f. Suppose -3*n + 4*l = -27, 3*l - a = -3*n - 10. What are the prime factors of n?
13
Let o(l) = l**3 + 9*l**2 + 4. Let s be o(-9). Suppose -s*q = -x + 20, 2*x - 2*q - q - 65 = 0. Let r = 66 - x. List the prime factors of r.
2, 13
Suppose r + 7*r = 4352. Suppose -7*f = 2*i - 3*f - r, -5*i = f - 1315. What are the prime factors of i?
2, 131
Suppose 0 = -6*s + 2986 - 220. List the prime factors of s.
461
Suppose -3*l - 2*l + 10 = 0. Suppose -4*m + 14 = -2*f, -m - 4*m = -l*f - 16. What are the prime factors of 2*(1 - f*12)?
2, 37
Let p(o) = 3 + o**3 - 3 - 13*o**2 + 11*o + 25*o**2. Let j be p(-11). Let a = j + 18. List the prime factors of a.
2, 3
Suppose -14684 = -5*y - 21*j + 19*j, 8802 = 3*y + 4*j. What are the prime factors of y?
2, 13, 113
Let u(i) = 6*i**2 - 9*i + 17. Let n(o) = 11*o**2 - 17*o + 34. Let r(l) = 4*n(l) - 7*u(l). List the prime factors of r(-6).
7, 17
Let j = 6 - 2. Suppose h = -j*h + 25. Let l(y) = y**3 - 5*y**2 + 2*y - 2. List the prime factors of l(h).
2
Let i(r) = 5*r**2 - 2*r - 7. Let a(m) = 5*m**2 - 2*m - 6. Let v(b) = 5*a(b) - 4*i(b). List the prime factors of v(-3).
7
Let d(r) = 20*r**2 - 122*r + 20. What are the prime factors of d(11)?
2, 3, 61
Let t(g) = 2 - 4*g + 18 + 6*g. What are the prime factors of t(15)?
2, 5
Suppose k + 5*q - 46 = 3*k, 0 = -2*k + 3*q - 54. Let i = -30 - k. List the prime factors of i.
3
Let z(n) = -2*n - 16. Let o(s) = -s + 1. Let t(m) = -6*o(m) + z(m). What are the prime factors of t(16)?
2, 3, 7
Let r(b) = 19*b**2 - 2*b - 1. Let y be r(-2). Let h = 126 - y. What are the prime factors of h?
47
Let a(c) = c**2 + 22*c + 44. Let r be a(-21). Suppose r*v = 12*v + 2442. What are the prime factors of v?
2, 3, 37
Let w(m) = 37*m - 676. List the prime factors of w(38).
2, 5, 73
Let l(i) = 5*i**3 + 2*i**2 - 5. Let q(h) = h**3 + 13*h**2 + 10*h - 21. Let s be q(-12). What are the prime factors of l(s)?
2, 37
Suppose 3*i - 4 = 11. Suppose 4*k + 316 = 4*m, -i*m + 132 = 5*k - 243. What are the prime factors of m?
7, 11
Suppose 0 = -4*n - 4*b + 44, 0 = 4*n - 3*b + 2 - 60. Suppose 4*d - n = l, 2*d - 5*l = -0*d + 11. List the prime factors of (9/d)/((-1)/(-6)).
2, 3
What are the prime factors of (-435)/(-2)*(-12)/(-180)*24?
2, 3, 29
Let u be (-2)/3 - (26/(-3) + 0). List the prime factors of (-317)/(-2) + ((-20)/u - -4).
2, 5
Let c(b) = -b**3 + 8*b**2 + 3*b + 13. Let j be c(8). Suppose 0 = -y + j - 4. List the prime factors of y.
3, 11
Suppose u = 4*f + 199, -4*u - 26 + 210 = -4*f. Let a = 19 - -81. Let z = f + a. What are the prime factors of z?
7
Let f = -183 - -216. List the prime factors of f.
3, 11
Let o be (-30)/5 - (-2 + 2). Let k = o - 0. List the prime factors of (0 + -3)*16/k.
2
Let n be (-1)/((-3)/330*-2). Let r be (4/1 - (3 - -6)) + -2. Let w = r - n. What are the prime factors of w?
2, 3
Let d be -4 - 6/9*-33. List the prime factors of 18/d + 65*1.
2, 3, 11
Suppose -4 - 8 = -6*r. Suppose 9*h - r*h - 161 = 0. List the prime factors of h.
23
Suppose -5*l = 0, l + 1948 - 5498 = -5*f. Let m = -496 + f. Suppose 0 = 5*z - 10*z + 5*o + 280, 4*z - 2*o - m = 0. What are the prime factors of z?
3, 17
Let y(v) = v**3 + 1 + 2 - 5*v**2 + v - 9*v. Let o = -135 + 142. What are the prime factors of y(o)?
3, 5
Suppose 3520 = q - k, 39*k - 3550 = -q + 34*k. What are the prime factors of q?
3, 5, 47
Suppose -2*h - s + 34 = 0, -5*s = -3*h + 35 + 3. Suppose h + 124 = o. What are the prime factors of o?
2, 5, 7
Let h(i) = 20*i**2 + 2*i - 3. Let l be h(1). Suppose 0 = -5*c - 3 - 2, l = k + c. List the prime factors of k.
2, 5
Let o(x) = -x**2 - 13*x - 12. Let s = -43 + 31. Let v be o(s). Suppose -3*c + 103 + 56 = v. List the prime factors of c.
53
Let r = 869 + -236. List the prime factors of r.
3, 211
Suppose 4 = t + t. Suppose -g + 0*g = -t*s - 46, -3*g - 2*s + 98 = 0. Suppose 0*z + g = 3*z. List the prime factors of z.
2, 3
Suppose -5*b - 2*w = -1496, -7*w + 313 = b - 2*w. What are the prime factors of b?
2, 149
Let g(p) = -336*p**3 - 3*p**2 - p + 6. What are the prime factors of g(-2)?
2, 11, 61
Suppose -4*a - 2*l + 4 = 0, l = a - 4*l - 12. Suppose -a*n + 3*u - 46 + 243 = 0, 0 = -5*n - 3*u + 440. List the prime factors of n.
7, 13
List the prime factors of 456 - (-1)/((-3 - -2)/1).
5, 7, 13
Let i = 20 - 17. Suppose 0 = -3*p + w + i, -p + w + 1 = 4*w. What are the prime factors of (p + 14)/(18/72)?
2, 3, 5
Suppose 2*x - 324 = -d, d + d = 4*x + 680. What are the prime factors of d?
2, 83
Suppose 5*h - 16 = h. Suppose 5*f - j + 2*j - 417 = 0, 0 = -3*f + h*j + 264. List the prime factors of f.
2, 3, 7
Let x = 840 + 19. List the prime factors of x.
859
Suppose 61 = -4*p + 2*p + i, 4*i = 4*p + 116. Let a = p + 112. What are the prime factors of a?
2, 5
Suppose -78*v + 132608 = -22*v. What are the prime factors of v?
2, 37
Let z(b) = 23*b**2 - 4*b + 24. List the prime factors of z(6).
2, 3, 23
Let m(d) = d**3 + 5*d**2 + 2. Let l be m(-5). Suppose 282 = 4*c - l*k, 3*k = -4*c - 0*c + 307. List the prime factors of c.
73
Let x(n) = 231*n - 20. Let h be x(2). Let p = -210 + h. List the prime factors of p.
2, 29
Suppose -300 = -2*c - 2*r, 0 = -4*c + r - 3*r + 596. Suppose 0 = 4*w + 5*s - c, -s + 36 = w - 0*w. Suppose o - w = -o. What are the prime factors of o?
2
Let f = 56 - 53. Suppose -f*d + 187 = -149. What are the prime factors of d?
2, 7
Let l = 27 + -25. Suppose -k + l*j = 4*j - 159, 5*j - 174 = -k. List the prime factors of k.
149
Let j be (-4)/(12/(-231)) - 3. Let d = 4 + j. Let w = 2 + d. List the prime factors of w.
2, 5
Let t = -24 + 46. Let m be t/(-3)*9/(-6). List the prime factors of (3 + m/(-3))*-15.
2, 5
What are the prime factors of (-48)/(-48)*349*3?
3, 349
Suppose -4*z = 2*y - 448, -2*y = -5*y - 2*z + 672. Suppose y - 64 = 4*p. What are the prime factors of p?
2, 5
Let r(q) be the second derivative of 5*q**4/4 + 5*q**3/6 - 5*q**2/2 - 5*q. Let c be r(4). What are the prime factors of (-12)/16 - c/(-4)?
3, 7
Suppose 0 = -3*u - 3*o + 12, -2*o - 10 = 4*u - 22. Suppose -131 = -u*d + 363. What are the prime factors of d?
13, 19
Suppose -2*k = 2*k + 5*a + 268, 4*k + 4*a = -268. Let f = k + 124. What are the prime factors of f?
3, 19
Suppose 4 = -0*t - 2*t - 2*s, 4*t = s + 17. Let r(w) = w**3 - 4*w**2 + 3*w + 2. Let y be r(t). Suppose -1 - 3 = -y*i. What are the prime factors of i?
2
Suppose -1 - 3 = 4*b. Let j be (-16)/(-24)*(-6)/b. Suppose j*s + u = 264,